late z(-11).
-180
Let g(s) = 32*s**2 - 1023*s - 139. Calculate g(32).
-107
Let i(g) = 973*g - 24966. What is i(26)?
332
Let q(m) = -8*m**2 - 5583*m - 200592. Calculate q(-38).
10
Let m(i) = 30*i**2 - 3479*i - 7196. Determine m(118).
2
Let x(y) = -92*y**2 - 10417*y - 20831. Determine x(-2).
-365
Let k(s) = 2*s**2 - 285*s + 453. Give k(0).
453
Let n(i) = 2*i**3 + 4*i**2 + 10*i + 41. Determine n(-3).
-7
Let h(r) = -30*r**2 + 178*r - 899. Give h(5).
-759
Let p(k) = -16661*k - 50010. Calculate p(-3).
-27
Let u(i) = i**3 + 24*i**2 + 884*i + 24547. Give u(-26).
211
Let k(q) = 19*q**2 - 79*q - 1444. Give k(-16).
4684
Let z(a) = 2*a**2 - 19*a - 427. What is z(-14)?
231
Let f(y) = 26483*y - 316837. What is f(12)?
959
Let h(b) = b**3 + 45*b**2 - 159*b + 1803. Calculate h(-49).
-10
Let n(h) = h**2 - 6*h - 877. Give n(45).
878
Let v(d) = -d**3 + 19*d**2 - 137*d + 2413. What is v(22)?
-2053
Let d(m) = 36*m**2 + 658*m - 2976. What is d(4)?
232
Let w(j) = 8104*j + 405193. Calculate w(-50).
-7
Let v(w) = -15539*w - 15002. Calculate v(-1).
537
Let a(y) = -6*y**2 + 1111*y + 8069. Calculate a(-7).
-2
Let v(h) = -97*h**2 + 1422*h + 497. What is v(15)?
2
Let d(j) = 239*j - 9338. Give d(38).
-256
Let r(w) = -108152*w + 648931. Calculate r(6).
19
Let n(t) = -8*t**2 - 2623*t - 25530. Calculate n(-10).
-100
Let q(i) = 12*i**3 - 874*i**2 - 91*i - 4034. Give q(73).
-19
Let p(d) = 36*d**3 + 11*d**2 + 4354*d - 4364. Give p(1).
37
Let m(r) = 5*r**3 - 133*r**2 - 106*r + 294. Give m(28).
2814
Let l(y) = -y**2 + y + 12871. Give l(114).
-11
Let t(m) = -72*m**2 + 329*m - 160. Calculate t(4).
4
Let f(c) = -4595*c - 9202. What is f(-2)?
-12
Let f(t) = -t**3 - 12*t**2 + 1224*t + 13590. Calculate f(-11).
5
Let c(l) = -11*l**3 - 9*l**2 + 69*l - 113. Give c(2).
-99
Let q(l) = 4*l**2 - 10*l - 42. Give q(-5).
108
Let v(r) = -156*r + 1085. Calculate v(7).
-7
Let m(q) = -29*q**2 + 12761*q - 438. Determine m(440).
2
Let i(j) = -48*j - 3187. Give i(-58).
-403
Let r(s) = -222*s**3 + 4*s**2 + 20*s - 25. Calculate r(1).
-223
Let i(h) = -24*h**2 - 2775*h - 27602. What is i(-11)?
19
Let z(b) = -b**3 + 16*b**2 - 84*b + 453. What is z(12)?
21
Let v(a) = 76254*a + 457529. What is v(-6)?
5
Let a(g) = -7*g**3 - 318*g**2 + 10127*g + 665. Give a(-67).
-5
Let b(m) = 2538*m + 93800. Calculate b(-37).
-106
Let m(f) = -18*f**3 + 234*f**2 - 712*f - 9. Determine m(3).
-525
Let l(g) = -4*g**3 - 4*g**2 + 78*g - 77. Determine l(6).
-617
Let m(h) = 18734*h + 18910. Give m(-1).
176
Let w(b) = -107*b - 38298. Determine w(-358).
8
Let g(b) = -2*b**2 - 930*b + 16390. Give g(17).
2
Let z(d) = -16*d**3 + 301*d**2 + 79*d - 217. Determine z(19).
201
Let g(s) = 16901*s - 152083. Give g(9).
26
Let l(z) = 2*z**3 - 86*z**2 + 82*z + 143. What is l(42)?
59
Let y(n) = -484*n**3 + 7*n**2 - 280*n + 273. What is y(1)?
-484
Let w(a) = -2170863*a + 4341754. Give w(2).
28
Let s(l) = 161*l - 35095. Determine s(232).
2257
Let j(s) = 2989*s + 2711. Calculate j(-1).
-278
Let o(d) = 505593*d - 12639820. Give o(25).
5
Let j(y) = 2*y**3 - 149*y**2 - 223*y + 2256. What is j(76)?
2636
Let q(l) = -10*l**3 + 399*l + 31. What is q(0)?
31
Let p(f) = -f**3 + 851*f**2 - 5233*f + 137715. Determine p(845).
-20
Let q(h) = 360*h + 39671. What is q(-110)?
71
Let n(c) = c**2 - 29*c - 219. Give n(41).
273
Let x(u) = 6288*u - 1333032. Determine x(212).
24
Let a(s) = 6*s**3 - 414*s**2 - 417*s - 208. Give a(70).
2
Let a(l) = -14*l**3 + 7*l**2 + 57*l + 261. Give a(-5).
1901
Let j(g) = -79*g + 1479. What is j(21)?
-180
Let o(a) = 430*a + 44648. Determine o(-104).
-72
Let f(s) = -30*s**2 - 133*s - 64. What is f(-4)?
-12
Let i(j) = -2*j**3 - 61*j**2 + 410*j - 183. Calculate i(-36).
-687
Let m(f) = -5*f**2 - 224*f + 2412. What is m(-53)?
239
Let s(v) = -372*v + 125737. What is s(338)?
1
Let g(i) = -5*i**3 - 1134*i**2 + 3679*i - 314. Give g(-230).
-84
Let x(t) = -612*t + 12304. Calculate x(29).
-5444
Let h(s) = 120592*s - 3497190. Calculate h(29).
-22
Let x(f) = f**3 - 363*f**2 - 671*f - 21461. Calculate x(365).
74
Let z(a) = -3*a**2 - 708*a + 10756. What is z(15)?
-539
Let a(m) = -5244*m - 2165833. Determine a(-413).
-61
Let x(i) = 75*i**2 - 94*i - 551. Give x(-7).
3782
Let q(n) = -15*n**2 - 186416*n - 186414. Calculate q(-1).
-13
Let g(k) = 10*k**3 - 411*k**2 + 3*k - 93. What is g(41)?
-1651
Let l(n) = 2*n**3 + 62*n**2 + 479*n + 818. What is l(-20)?
38
Let t(s) = -16*s**2 - 393*s + 2057. Determine t(-29).
-2
Let m(r) = r**2 + 8*r - 142. Calculate m(8).
-14
Let n(r) = -4*r**2 - 198*r + 2022. Give n(10).
-358
Let f(g) = -10753*g - 193454. Give f(-18).
100
Let g(a) = -a**2 - 38799*a - 116394. Calculate g(-3).
-6
Let y(p) = -2*p**2 - 203*p - 4896. What is y(-40)?
24
Let x(t) = -t**2 - 126*t - 31. Determine x(-13).
1438
Let i(a) = -670*a + 226. Give i(-1).
896
Let r(s) = s**3 - 16*s**2 - 20*s + 361. Determine r(17).
310
Let b(a) = -a**3 + 8*a**2 - 66*a + 860. Determine b(10).
0
Let y(c) = -137521*c - 687579. Give y(-5).
26
Let u(m) = 1876*m + 2020451. Give u(-1077).
-1
Let u(d) = 91421*d - 3748266. Calculate u(41).
-5
Let s(h) = -7*h**3 - 107*h**2 + 26*h + 402. Calculate s(-17).
3428
Let d(x) = -5*x**3 + 69*x**2 + 709*x - 168. What is d(-7)?
-35
Let a(h) = -h**3 + 184*h**2 + 775*h + 32142. Give a(189).
12
Let z(m) = m**3 - 100*m**2 + 3314*m - 269704. What is z(95)?
1
Let b(h) = 6743*h - 47283. Determine b(7).
-82
Let n(b) = -1313*b + 30378. Determine n(23).
179
Let h(q) = -332*q + 12377. Determine h(37).
93
Let u(j) = -3*j**3 - 103*j**2 + 270*j + 7039. Determine u(-35).
39
Let u(w) = 1583*w**2 - 18994*w - 17. What is u(12)?
7
Let q(b) = -2*b**3 + 767*b**2 + 1159*b - 1722. What is q(385)?
-182
Let h(u) = -u**3 + 19*u**2 + 14*u - 201. Give h(21).
-789
Let o(z) = -169*z**2 - 828*z + 37. What is o(-5)?
-48
Let s(t) = 2*t**3 + 51*t**2 + 6911*t + 164128. Calculate s(-24).
-8
Let i(x) = 78*x**2 - 27386*x + 30106. Calculate i(350).
6
Let k(a) = -253355*a - 1773237. Calculate k(-7).
248
Let k(h) = h**3 - 22*h**2 - 30*h - 255. Calculate k(26).
1669
Let m(l) = 7*l**2 - 24*l - 44. What is m(12)?
676
Let d(j) = -5*j**2 + 4715*j - 552126. What is d(137)?
-16
Let b(n) = -100282*n + 701976. Calculate b(7).
2
Let l(z) = 2*z**3 + 126*z**2 + 1620*z - 85. Give l(-45).
-85
Let c(k) = -k**2 + 4219*k - 121468. What is c(29)?
42
Let p(q) = -q**3 + 79*q**2 + 1486*q - 359. Calculate p(-16).
185
Let h(x) = -3*x**3 + 308*x**2 - 7828*x + 3256. What is h(58)?
8
Let u(t) = -9*t**3 - 9*t**2 - 100*t - 46. Determine u(-6).
2174
Let r(n) = -n**2 - 104*n + 633. Calculate r(-118).
-1019
Let x(k) = 2*k**3 + 501*k**2 + 14158*k - 2603. Determine x(-218).
13
Let y(v) = 1566*v - 333566. Determine y(213).
-8
Let s(d) = -11597*d - 47653. What is s(-4)?
-1265
Let q(k) = -12288*k + 565189. What is q(46)?
-59
Let t(r) = 717*r + 3595. Give t(-5).
10
Let f(v) = 11*v**3 + 5*v**2 - 13*v + 5. What is f(2)?
87
Let k(a) = -45963*a + 735333. Determine k(16).
-75
Let b(z) = 5*z**3 - z**2 - 13920*z - 69568. What is b(-5)?
-618
Let k(q) = -q**3 - 438*q**2 - 7511*q + 20575. Calculate k(-420).
-5
Let a(t) = t**3 - 18*t**2 - 655*t - 73. Give a(-18).
53
Let g(s) = s**2 + 90*s - 8293. Give g(-148).
291
Let j(q) = q**2 + 1556*q + 227042. Give j(-163).
-17
Let v(x) = -207630*x - 17440932. What is v(-84)?
-12
Let j(p) = -p**3 + 194*p**2 + 383*p + 658. What is j(196)?
-1106
Let j(b) = -38*b**2 + 4627*b + 10536. What is j(124)?
-4
Let b(w) = 486*w - 105018. Give b(214).
-1014
Let g(b) = 4*b**2 - 29855*b + 298116. Give g(10).
-34
Let t(m) = -558536*m + 5026765. Give t(9).
-59
Let y(q) = 732*q - 6341. What is y(6)?
-1949
Let s(a) = -a**3 - 61*a**2 - 90*a - 13607. Calculate s(-63).
1
Let y(q) = -36939*q + 886539. Give y(24).
3
Let q(g) = -62*g**2 - 3571*g + 43880. What is q(-68)?
20
Let b(u) = 1065*u + 55265. Determine b(-52).
-115
Let w(j) = -j**3 - 89*j**2 + 366*j - 42. Calculate w(4).
-66
Let p(h) = 329*h**2 - 714*h + 107. Determine p(2).
-5
Let s(u) = -854068*u - 2562198. Give s(-3).
6
Let i(s) = -2*s**2 + 1878*s - 51002. Give i(911).
14
Let y(g) = 15*g**2 + 345*g + 3. Determine y(-14).
-1887
Let g(u) = -2*u**2 - 12021*u - 7. Give g(0).
-7
Let g(n) = n**3 - 24*n**2 - 1678*n - 1479. What is g(55)?
6
Let d(i) = 6*i**3 + 60*i**2 + 54*i - 398. What is d(-3)?
-182
Let x(m) = m**3 - 61673*m**2 + 554977*m - 3. What is x(9)?
6
Let q(x